2797497?
3, 34537
List the prime factors of 1427954.
2, 11, 47, 1381
List the prime factors of 6639448.
2, 743, 1117
What are the prime factors of 1965752?
2, 245719
What are the prime factors of 1536260?
2, 5, 11, 6983
What are the prime factors of 6641308?
2, 67, 24781
List the prime factors of 110566.
2, 59, 937
List the prime factors of 331379.
19, 107, 163
What are the prime factors of 1115436?
2, 3, 7, 271
What are the prime factors of 1873537?
659, 2843
List the prime factors of 59690.
2, 5, 47, 127
List the prime factors of 12781805.
5, 79, 32359
List the prime factors of 121686.
2, 3, 17, 1193
What are the prime factors of 6164325?
3, 5, 27397
List the prime factors of 7829137.
79, 99103
List the prime factors of 273112.
2, 7, 4877
What are the prime factors of 23639771?
23639771
What are the prime factors of 1295413?
7, 26437
List the prime factors of 60278.
2, 30139
What are the prime factors of 2291230?
2, 5, 229123
What are the prime factors of 51756?
2, 3, 19, 227
List the prime factors of 722763.
3, 8923
List the prime factors of 1273503.
3, 7, 11, 37, 149
What are the prime factors of 260934?
2, 3, 157, 277
List the prime factors of 621649.
7, 88807
What are the prime factors of 4069426?
2, 17, 119689
What are the prime factors of 24039819?
3, 17, 71, 2213
What are the prime factors of 620351?
620351
What are the prime factors of 907276?
2, 226819
List the prime factors of 1511442.
2, 3, 83969
List the prime factors of 4951505.
5, 13, 17, 4481
What are the prime factors of 11237955?
3, 5, 749197
What are the prime factors of 290252?
2, 149, 487
What are the prime factors of 28853571?
3, 19, 53, 9551
What are the prime factors of 358988?
2, 7, 12821
List the prime factors of 2494661.
13, 127, 1511
What are the prime factors of 997822?
2, 7, 263, 271
What are the prime factors of 19444884?
2, 3, 349, 4643
List the prime factors of 247941.
3, 3061
List the prime factors of 578275.
5, 23131
List the prime factors of 2206495.
5, 37, 11927
List the prime factors of 592823.
7, 11, 7699
What are the prime factors of 536047?
19, 89, 317
List the prime factors of 395299.
29, 43, 317
List the prime factors of 5461650.
2, 3, 5, 53, 229
List the prime factors of 58907.
58907
List the prime factors of 53815.
5, 47, 229
List the prime factors of 456515.
5, 91303
List the prime factors of 1566927.
3, 151, 1153
List the prime factors of 123413.
167, 739
List the prime factors of 883033.
53, 16661
List the prime factors of 1031730.
2, 3, 5, 7, 17
What are the prime factors of 374146?
2, 187073
What are the prime factors of 2124370?
2, 5, 212437
List the prime factors of 651018.
2, 3, 108503
What are the prime factors of 13296896?
2, 51941
List the prime factors of 2001733.
17, 73, 1613
What are the prime factors of 398317?
83, 4799
What are the prime factors of 872483?
61, 14303
What are the prime factors of 976616?
2, 17, 43, 167
What are the prime factors of 245022?
2, 3, 97, 421
What are the prime factors of 18053401?
19, 950179
What are the prime factors of 55366?
2, 19, 31, 47
List the prime factors of 703874.
2, 19, 18523
What are the prime factors of 451095?
3, 5, 17, 29, 61
List the prime factors of 2820204.
2, 3, 26113
What are the prime factors of 60002?
2, 19, 1579
What are the prime factors of 562304?
2, 23, 191
List the prime factors of 6517627.
19, 311, 1103
List the prime factors of 11077868.
2, 2769467
List the prime factors of 375201.
3, 47, 887
What are the prime factors of 13552595?
5, 7, 59, 6563
What are the prime factors of 771475?
5, 30859
List the prime factors of 403161.
3, 11, 19, 643
What are the prime factors of 92656?
2, 5791
List the prime factors of 620917.
11, 47, 1201
List the prime factors of 1674725.
5, 13, 5153
What are the prime factors of 1625519?
7, 232217
What are the prime factors of 10348627?
953, 10859
What are the prime factors of 9794482?
2, 17, 271, 1063
What are the prime factors of 2935736?
2, 366967
What are the prime factors of 10159315?
5, 2031863
What are the prime factors of 1558325?
5, 83, 751
List the prime factors of 31157435.
5, 19, 157, 2089
List the prime factors of 867164.
2, 216791
What are the prime factors of 1260697?
179, 7043
List the prime factors of 714458.
2, 357229
List the prime factors of 4406031.
3, 7, 97, 103
List the prime factors of 15371168.
2, 480349
List the prime factors of 3760011.
3, 59, 73, 97
List the prime factors of 23655.
3, 5, 19, 83
List the prime factors of 252781.
113, 2237
List the prime factors of 528799.
528799
List the prime factors of 1216365.
3, 5, 83, 977
What are the prime factors of 25470028?
2, 6367507
What are the prime factors of 4634095?
5, 926819
What are the prime factors of 9920674?
2, 61, 233, 349
What are the prime factors of 452478?
2, 3, 13, 5801
List the prime factors of 68214.
2, 3, 11369
What are the prime factors of 118587?
3, 7, 5647
List the prime factors of 12780156.
2, 3, 1065013
What are the prime factors of 925524?
2, 3, 47, 547
What are the prime factors of 4859818?
2, 1103, 2203
What are the prime factors of 21920321?
21920321
List the prime factors of 45831.
3, 15277
List the prime factors of 284289.
3, 193, 491
What are the prime factors of 6240695?
5, 241, 5179
What are the prime factors of 6734672?
2, 7, 157, 383
List the prime factors of 83913.
3, 83, 337
List the prime factors of 267667.
267667
What are the prime factors of 99359?
13, 7643
List the prime factors of 199712.
2, 79
List the prime factors of 94795.
5, 18959
What are the prime factors of 139215?
3, 5, 9281
What are the prime factors of 16205049?
3, 7, 179, 479
List the prime factors of 42040.
2, 5, 1051
What are the prime factors of 2127003?
3, 31, 22871
List the prime factors of 2932337.
73, 40169
What are the prime factors of 1739304?
2, 3, 7, 17, 29
What are the prime factors of 2250286?
2, 1125143
What are the prime factors of 19883767?
59, 337013
What are the prime factors of 32385387?
3, 191, 56519
List the prime factors of 454229.
454229
What are the prime factors of 613769?
13, 31, 1523
List the prime factors of 63913.
63913
What are the prime factors of 781807?
13, 60139
What are the prime factors of 3467838?
2, 3, 11, 52543
What are the prime factors of 12914279?
7, 1844897
List the prime factors of 6262117.
6262117
List the prime factors of 68985.
3, 5, 7, 73
What are the prime factors of 1657175?
5, 13, 5099
List the prime factors of 8988184.
2, 41, 67, 409
List the prime factors of 37538.
2, 137
What are the prime factors of 1490975?
5, 23, 2593
List the prime factors of 1315070.
2, 5, 131507
What are the prime factors of 372653?
372653
List the prime factors of 41391.
3, 7, 73
What are the prime factors of 206494?
2, 23, 67
What are the prime factors of 1245907?
13, 239, 401
What are the prime factors of 285327?
3, 7, 647
What are the prime factors of 6371117?
6371117
What are the prime factors of 888457?
888457
List the prime factors of 2415053.
227, 10639
List the prime factors of 1301478.
2, 3, 23, 9431
List the prime factors of 447848.
2, 17, 37, 89
What are the prime factors of 7015503?
3, 11, 19, 67, 167
List the prime factors of 14541920.
2, 5, 90887
What are the prime factors of 19653280?
2, 5, 122833
List the prime factors of 4237500.
2, 3, 5, 113
What are the prime factors of 1862696?
2, 11, 61, 347
List the prime factors of 2970481.
557, 5333
List the prime factors of 3769589.
3769589
List the prime factors of 100660.
2, 5, 7, 719
List the prime factors of 3131615.
5, 626323
What are the prime factors of 6155675?
5, 113, 2179
What are the prime factors of 4614137?
11, 419467
What are the prime factors of 21026?
2, 10513
What are the prime factors of 613770?
2, 3, 5, 41, 499
List the prime factors of 10505856.
2, 3, 109, 251
What are the prime factors of 405755?
5, 7, 11593
List the prime factors of 701303.
137, 5119
List the prime factors of 2917667.
2917667
What are the prime factors of 1358181?
3, 11, 17, 269
List the prime factors of 2488775.
5, 99551
What are the prime factors of 7318363?
13, 19, 29629
List the prime factors of 1738625.
5, 7, 1987
List the prime factors of 12591904.
2, 13, 30269
What are the prime factors of 219578?
2, 109789
What are the prime factors of 68737?
68737
List the prime factors of 13463120.
2, 5